- 57*w - 763. Determine m(59).
-645
Let n(s) = -7*s**2 + 2*s - 1. Calculate n(2).
-25
Let w(k) = -k**2 - 66*k - 401. Determine w(-59).
12
Let c(q) = 416*q**3 + q**2 + 6*q - 6. Calculate c(1).
417
Let g(t) = t**3 - 51*t**2 + 94*t + 188. Give g(49).
-8
Let b(w) = 5*w**2 + 159*w + 3. Determine b(-32).
35
Let c(g) = 12*g**2 - 35*g - 28. Determine c(4).
24
Let z(a) = -6*a**2 + 34*a + 358. Calculate z(11).
6
Let n(f) = -828*f - 57935. Give n(-70).
25
Let c(m) = -38*m - 707. Give c(-23).
167
Let a(d) = -d**2 + 297*d - 2385. Determine a(8).
-73
Let p(n) = 348*n + 5228. Give p(-15).
8
Let u(r) = 198*r - 3394. Calculate u(17).
-28
Let d(z) = -81*z - 2755. Give d(-34).
-1
Let f(j) = 33*j + 13. Give f(-2).
-53
Let x(m) = m**3 - 101*m**2 + 106*m - 603. Calculate x(100).
-3
Let r(v) = v**3 - 4*v**2 - 55*v - 45. Determine r(10).
5
Let g(y) = -106*y + 11. Determine g(0).
11
Let i(s) = -6301*s - 182720. What is i(-29)?
9
Let d(g) = 4*g**2 - 2*g - 27. What is d(5)?
63
Let p(u) = u**3 + 34*u**2 - 69*u + 107. Calculate p(-36).
-1
Let k(p) = 43*p - 1862. Calculate k(43).
-13
Let b(n) = n**2 - 3253*n - 19558. Give b(-6).
-4
Let p(h) = -h - 25. Calculate p(-23).
-2
Let l(j) = -37*j**2 - 3513*j + 183. Give l(-95).
-7
Let z(v) = -6*v + 51. Give z(3).
33
Let u(i) = -706*i**2 - 2123*i - 1. Calculate u(-3).
14
Let k(f) = -2*f**2 - 41*f + 260. Give k(5).
5
Let j(a) = -a**3 + 3*a**2 - 68*a + 2. Give j(0).
2
Let y(d) = 943*d - 3758. Calculate y(4).
14
Let k(w) = -2*w**3 + 13*w**2 - 23*w + 92. Calculate k(7).
-118
Let p(t) = 19*t**3 + 98*t - 98. What is p(1)?
19
Let m(s) = -489*s - 6357. Give m(-13).
0
Let c(g) = 52*g + 181. Calculate c(-4).
-27
Let p(d) = 2118*d - 78359. Calculate p(37).
7
Let q(n) = 2*n**2 - 200*n + 402. What is q(98)?
10
Let z(u) = -u**2 + 994*u - 43596. Calculate z(46).
12
Let k(p) = 8*p + 387. Give k(-28).
163
Let k(q) = -25*q**3 - 4*q**2 - 5*q + 6. Determine k(0).
6
Let j(u) = 2*u**2 + 137*u + 639. What is j(-63)?
-54
Let m(p) = p**2 + 222*p + 5586. Determine m(-193).
-11
Let h(n) = -40*n - 234. What is h(-7)?
46
Let c(m) = -m**3 + 30*m**2 + 30*m + 41. What is c(31)?
10
Let d(b) = 211*b - 36717. Give d(174).
-3
Let x(w) = 31*w - 22. Determine x(6).
164
Let g(i) = -9*i**2 + 8*i + 3. Give g(-4).
-173
Let l(u) = 5*u**2 + 558*u - 3431. Calculate l(6).
97
Let x(t) = 325*t - 290. What is x(1)?
35
Let d(l) = 20*l**2 - 2137*l + 12102. What is d(6)?
0
Let i(t) = 1571*t + 9413. Calculate i(-6).
-13
Let d(j) = -3*j**3 - 38*j - 84. What is d(-2)?
16
Let a(o) = -51*o + 772. Determine a(19).
-197
Let b(x) = -5*x**2 - 24*x + 1703. Give b(-21).
2
Let w(a) = -a**2 - 5274*a + 26400. What is w(5)?
5
Let z(p) = -75*p + 2761. What is z(37)?
-14
Let z(d) = -d**3 - 3*d**2 - 7*d - 126. Determine z(0).
-126
Let d(r) = 28*r - 836. What is d(29)?
-24
Let y(n) = -2*n**2 + 292*n - 10536. Give y(81).
-6
Let k(s) = -s**3 + 31*s**2 - 127*s + 46. What is k(26)?
124
Let i(x) = 7*x + 260. What is i(-36)?
8
Let h(d) = d**3 - 20*d**2 - 50*d + 129. Calculate h(22).
-3
Let c(j) = -j**2 + 105*j - 300. What is c(3)?
6
Let t(a) = 119*a - 2019. Give t(17).
4
Let c(p) = 4*p + 198. Determine c(-20).
118
Let s(v) = 56*v + 3680. What is s(-70)?
-240
Let d(m) = -84*m - 2398. What is d(-28)?
-46
Let i(u) = -3*u**2 - 13*u - 18. Determine i(-2).
-4
Let j(f) = -3*f**3 - 8*f**2 - 26*f + 189. What is j(3)?
-42
Let a(v) = 294*v + 16474. Calculate a(-56).
10
Let d(z) = -z**3 + 11*z**2 + 105*z - 1122. Give d(12).
-6
Let g(u) = 56*u + 3759. What is g(-68)?
-49
Let p(w) = -23*w + 943. Give p(41).
0
Let f(b) = 2*b**3 + 20*b**2 + 109*b + 124. Determine f(-6).
-242
Let n(x) = -31*x - 901. What is n(-27)?
-64
Let t(x) = 49*x - 283. Calculate t(6).
11
Let t(i) = -84*i - 1428. What is t(-17)?
0
Let p(y) = -y**2 + 2*y + 14. What is p(-17)?
-309
Let r(y) = -y**2 - 31*y + 33. What is r(-38)?
-233
Let v(l) = l**3 + 93*l**2 + 1470*l + 194. What is v(-20)?
-6
Let p(d) = 304*d - 1666. Determine p(6).
158
Let y(s) = s**2 + 133*s + 1023. What is y(-10)?
-207
Let p(c) = 2*c**2 + 32*c + 29. Determine p(-14).
-27
Let k(i) = -55*i**2 - i + 1. Give k(-1).
-53
Let u(n) = -3*n + 78. What is u(17)?
27
Let q(o) = -2*o**3 + 80*o**2 + 8*o - 110. What is q(40)?
210
Let w(u) = -52*u**2 + 20*u - 5. What is w(2)?
-173
Let v(n) = -18*n**2 + 9*n + 8. What is v(-3)?
-181
Let o(c) = -c**2 - 69*c + 209. What is o(-72)?
-7
Let x(o) = 35*o**3 - 3*o**2 - 11*o + 12. Give x(1).
33
Let h(k) = k**3 + 5*k**2 + 2*k - 2. What is h(-5)?
-12
Let h(o) = -2*o**2 + 164*o + 2051. Determine h(-11).
5
Let c(o) = 2*o**3 - 26*o**2 - 18*o + 407. What is c(12)?
-97
Let z(d) = -2*d**3 - 519*d**2 - 776*d - 533. What is z(-258)?
-17
Let h(o) = -3*o + 152. Calculate h(41).
29
Let a(q) = -40*q**2 - 35*q + 139. What is a(3)?
-326
Let y(q) = -q**3 + 8*q**2 + q - 56. Determine y(7).
0
Let j(k) = 19*k - 592. Calculate j(66).
662
Let v(m) = 30*m - 731. What is v(29)?
139
Let j(p) = -84*p + 1174. Calculate j(14).
-2
Let m(q) = -q**2 - 32*q - 265. Determine m(-16).
-9
Let b(k) = -47*k**2 + 1045*k - 256. Calculate b(22).
-14
Let n(a) = 6*a**2 + 66*a + 3. Determine n(-12).
75
Let u(b) = -b**2 + 12*b - 50. Calculate u(24).
-338
Let v(p) = p**2 + 15*p - 6. Calculate v(-14).
-20
Let j(z) = -108*z + 6. Give j(2).
-210
Let q(n) = 5*n - 336. Determine q(68).
4
Let t(c) = -c**3 - 49*c**2 + 84*c + 1039. What is t(-50)?
-661
Let o(b) = -b**2 + 31*b - 32. Give o(15).
208
Let t(w) = -4*w**3 - 318*w**2 - 160*w - 147. Calculate t(-79).
11
Let x(s) = -18*s + 57. Determine x(5).
-33
Let q(n) = -8*n**3 - 55*n**2 + 3*n - 8. Calculate q(-7).
20
Let r(b) = b**2 - 6*b - 180. Determine r(16).
-20
Let k(q) = 90*q - 374. Determine k(6).
166
Let j(k) = -12*k - 214. What is j(-17)?
-10
Let n(u) = -u**3 - 8*u**2 - 11*u + 15. What is n(-5)?
-5
Let x(s) = 2*s**2 + 333*s - 35902. What is x(-241)?
7
Let j(h) = 87*h - 1. What is j(6)?
521
Let d(t) = 6*t**2 + 39*t + 34. Give d(-6).
16
Let m(y) = 41*y - 63. Give m(3).
60
Let r(g) = -4*g**3 + 26*g**2 - 27*g + 42. Give r(6).
-48
Let m(v) = 37*v - 1845. What is m(50)?
5
Let s(d) = 6*d - 141. Determine s(25).
9
Let q(w) = 28*w - 1988. Determine q(71).
0
Let w(g) = g**3 - g**2 - 22*g + 56. What is w(0)?
56
Let d(n) = -n**2 - 76*n + 707. Calculate d(-87).
-250
Let z(l) = l**2 + 53*l + 371. Determine z(-42).
-91
Let m(i) = 59*i - 1190. What is m(18)?
-128
Let q(c) = -175*c - 6480. Determine q(-37).
-5
Let l(g) = -214*g - 687. Calculate l(-3).
-45
Let q(s) = -974*s + 5849. What is q(6)?
5
Let c(q) = 8*q**3 - 33*q**2 + 26*q - 54. Give c(4).
34
Let f(n) = 61*n - 1584. What is f(26)?
2
Let i(m) = -m + 8. What is i(15)?
-7
Let g(j) = j**3 - 19*j**2 + 62*j - 34. What is g(15)?
-4
Let c(o) = 7*o**2 + 54*o + 100. Calculate c(-2).
20
Let p(l) = 2*l**3 - 36*l**2 - l + 4. Determine p(18).
-14
Let z(d) = d**3 - 13*d**2 - 87*d + 1168. Determine z(12).
-20
Let r(s) = s**3 - 14*s**2 - 17*s + 236. Calculate r(14).
-2
Let u(z) = -733*z - 10265. What is u(-14)?
-3
Let k(m) = m**2 - 53*m + 484. Calculate k(12).
-8
Let x(f) = f**2 + 2*f - 2612. Determine x(50).
-12
Let l(m) = -38*m - 4. What is l(-3)?
110
Let r(c) = -209*c + 4754. What is r(23)?
-53
Let h(d) = -73*d + 7145. What is h(98)?
-9
Let u(a) = 42*a**2 + 1343*a - 30. Determine u(-32).
2
Let g(n) = -n**2 - 1067*n + 3213. Give g(3).
3
Let w(g) = 492*g + 541. What is w(-1)?
49
Let z(r) = r**3 - 25*r**2 + 134*r + 5. Calculate z(17).
-29
Let b(y) = -7*y**3 - 15*y**2 - 4*y + 14. Determine b(-5).
534
Let x(y) = y**3 + 102*y**2 + 559*y - 1647. Determine x(-96).
-15
Let i(m) = 12*m + 61. What is i(40)?
541
Let z(y) = 51*y - 5652. What is z(110)?
-42
Let h(s) = s**3 - 3*s**2 + 3*s - 16. Calculate h(5).
49
Let p(y) = -y**2 - 85*y + 443. Give p(5).
-7
Let a(l) = 39*l + 598. What is a(-14)?
52
Let g(p) = 9*p**2 + 9*p - 16. Give g(-5).
164
Let n(q) = -6*q**2 - 8*q + 20. Calculate n(-4).
-44
Let u(f) = -22*f - 143. Determine u(-8).
33
Let l(g) = 3*g**2 + 233*g + 393. Give l(-76).
13
Let h(q) = q**3 + 14*q + 36. Give h(-4).
-84
Let l(u) = u**2 + 33*u - 995. Give l(-52).
-7
Let u(s) = -2*s**3 - 17*s**2 - 34*s - 310. Calculate u(-8).
-102
Let j(q) = -q**2 - 20*q + 315. Calculate j(11).
-26
Let k(v) = -32*v**3 - 5*v**2 + v + 1. Calculate k(-1).
27
Let i(m) = -10*m + 7. Calculate i(5).
-43
Let h(m) = -61*m + 2200. Give h(36).
4
Let j(m) = -9*m +